the highest common factor of 1226259 and 18?
9
Calculate the greatest common divisor of 822563 and 49.
49
Calculate the highest common divisor of 17 and 74647.
17
Calculate the highest common factor of 230945 and 190.
95
Calculate the highest common factor of 696 and 2160.
24
Calculate the highest common factor of 15 and 1257480.
15
Calculate the highest common factor of 124 and 777852.
124
Calculate the highest common factor of 78 and 23091.
3
Calculate the greatest common factor of 18 and 1465362.
18
What is the highest common factor of 56 and 16492?
28
What is the highest common divisor of 71323 and 92?
23
Calculate the highest common divisor of 22747 and 559.
43
Calculate the highest common divisor of 75652 and 4.
4
Calculate the highest common factor of 59619 and 1785.
357
Calculate the highest common divisor of 166480 and 100.
20
Calculate the greatest common factor of 1086 and 1494.
6
What is the greatest common factor of 2261 and 251636?
133
Calculate the greatest common divisor of 625 and 533125.
625
What is the greatest common divisor of 55915 and 1266?
211
What is the highest common divisor of 18479 and 5321?
17
Calculate the highest common divisor of 39 and 13323.
3
What is the highest common factor of 665 and 5530?
35
Calculate the greatest common divisor of 490337 and 92.
23
Calculate the greatest common divisor of 18995 and 116.
29
Calculate the highest common divisor of 9 and 80982.
9
What is the greatest common factor of 855 and 84?
3
What is the highest common factor of 357 and 834071?
119
Calculate the greatest common divisor of 42798 and 18.
6
What is the highest common divisor of 63576 and 144?
72
Calculate the greatest common divisor of 98832 and 174.
174
What is the highest common divisor of 256 and 328?
8
What is the greatest common factor of 4212 and 3098979?
1053
Calculate the highest common divisor of 212 and 322876.
212
What is the greatest common factor of 413 and 127771?
7
What is the greatest common divisor of 90 and 102430?
10
Calculate the greatest common divisor of 156 and 196911.
39
What is the highest common factor of 258 and 11223?
129
Calculate the greatest common divisor of 104 and 18005.
13
Calculate the highest common divisor of 51 and 2779347.
51
What is the greatest common divisor of 10800 and 28?
4
Calculate the highest common factor of 19649 and 539.
49
What is the highest common factor of 113601 and 114?
57
What is the highest common divisor of 1586592 and 1344?
672
What is the highest common factor of 302298 and 6?
6
What is the highest common divisor of 22101 and 2919?
417
Calculate the highest common factor of 558 and 11142.
18
What is the greatest common divisor of 11245 and 637?
13
Calculate the highest common divisor of 27 and 6813207.
27
What is the highest common factor of 228108 and 60?
12
Calculate the greatest common factor of 2377888 and 32.
32
What is the greatest common factor of 10375 and 2573?
83
What is the greatest common factor of 646710 and 60?
30
What is the greatest common divisor of 46350 and 1339?
103
Calculate the highest common factor of 614 and 96705.
307
What is the highest common factor of 18 and 2092?
2
Calculate the highest common divisor of 1264 and 1440328.
632
What is the highest common divisor of 156636 and 7866?
342
What is the highest common factor of 120241 and 374?
187
Calculate the highest common factor of 1640 and 125255.
205
What is the greatest common divisor of 399262 and 544?
34
What is the highest common factor of 11 and 1111?
11
Calculate the highest common factor of 231 and 39228.
21
What is the highest common divisor of 153239 and 1046?
523
What is the highest common divisor of 1651 and 3937?
127
Calculate the highest common factor of 1349860 and 40.
20
Calculate the highest common factor of 324 and 9258.
6
What is the highest common factor of 17578118 and 1334?
1334
What is the highest common factor of 5050 and 2500?
50
Calculate the highest common factor of 82119 and 142163.
883
What is the highest common factor of 86747 and 223?
223
What is the greatest common factor of 5529 and 95?
19
What is the highest common divisor of 5559728 and 32?
16
What is the highest common factor of 20 and 149540?
20
What is the greatest common divisor of 44478 and 2198?
14
Calculate the greatest common factor of 55265 and 35.
35
What is the highest common factor of 194016 and 141?
141
What is the highest common factor of 4037 and 99?
11
Calculate the highest common divisor of 9826 and 2890.
578
What is the highest common factor of 301 and 89354?
43
Calculate the highest common factor of 12174 and 33.
3
Calculate the highest common factor of 24832 and 291.
97
Calculate the greatest common factor of 6123984 and 96.
48
What is the greatest common divisor of 2632 and 147224?
56
What is the highest common factor of 198 and 210804?
66
Calculate the greatest common factor of 49236 and 528.
132
What is the highest common factor of 21393 and 27?
9
What is the highest common factor of 66 and 10986?
6
Calculate the highest common factor of 819 and 36603.
63
What is the highest common factor of 386 and 66778?
386
Calculate the greatest common divisor of 2603 and 1406.
19
What is the highest common factor of 2760850 and 50?
50
What is the greatest common factor of 905 and 1930003?
181
What is the highest common factor of 49980 and 1680?
420
Calculate the greatest common factor of 149 and 13773709.
149
Calculate the highest common divisor of 30785 and 3799.
131
What is the highest common divisor of 12987 and 64584?
351
Calculate the greatest common factor of 44 and 468644.
44
Calculate the highest common divisor of 36317 and 184.
23
What is the greatest common factor of 724 and 4?
4
What is the highest common factor of 59414 and 610?
122
What is the highest common divisor of 48195 and 10115?
595
Calculate the greatest common divisor of 178 and 5270669.
89
Calculate the highest common factor of 22403 and 215.
43
What is the highest common divisor of 339 and 879?
3
Calculate the highest common factor of 46514 and 130.
26
What is the greatest common factor of 2472 and 66126?
618
Calculate the highest common divisor of 45 and 3564045.
45
What is the highest common factor of 19530 and 385?
35
What is the highest common factor of 95 and 52592?
19
What is the greatest common divisor of 48 and 7557?
3
Calculate the greatest common factor of 56077 and 91.
7
What is the highest common divisor of 22137954 and 1194?
1194
Calculate the greatest common divisor of 11 and 91872.
11
What is the highest common divisor of 260 and 723164?
52
Calculate the highest common divisor of 814 and 23754.
74
What is the highest common factor of 735822 and 72?
18
What is the greatest common divisor of 2067 and 1248?
39
What is the highest common factor of 30990 and 545?
5
What is the highest common factor of 3336 and 42?
6
Calculate the greatest common divisor of 40 and 4823940.
20
Calculate the highest common divisor of 14 and 2933.
7
What is the highest common divisor of 83 and 82253?
83
What is the greatest common factor of 853605 and 270?
135
Calculate the highest common divisor of 24 and 1566.
6
What is the greatest common factor of 322 and 18653?
23
Calculate the highest common factor of 1872 and 4147.
13
What is the highest common divisor of 18464 and 471986?
1154
Calculate the highest common factor of 2222 and 239471.
101
Calculate the greatest common divisor of 333 and 58833.
9
What is the highest common factor of 700 and 279160?
140
What is the greatest common factor of 29346 and 30?
6
Calculate the highest common divisor of 75750 and 78.
6
Calculate the highest common divisor of 24455 and 126965.
335
Calculate the greatest common divisor of 1442 and 9786.
14
Calculate the highest common divisor of 5186649 and 1326.
663
Calculate the highest common divisor of 7680 and 281280.
960
Calculate the greatest common factor of 931134 and 3.
3
What is the highest common divisor of 175 and 19089?
7
Calculate the highest common factor of 359589 and 402.
201
Calculate the highest common factor of 3565946 and 106.
106
What is the highest common factor of 783 and 2565?
27
What is the greatest common divisor of 4537 and 125?
1
What is the highest common factor of 160 and 44830?
10
What is the highest common divi